 = 0, 2*c = 2*g + 2. Let m be y/(-1) - 2/g. What is v(m)?
7
Let k(g) = 21*g + 1. Let q be (-6 - (-33)/6)/((-2)/(-4)). What is k(q)?
-20
Let u(h) = 2*h + 5. Let f = -125 - -115. Calculate u(f).
-15
Let y = 16 - 9. Let p(g) = 4*g**2 + g - 10. Let f(i) = -i**2 + 3. Let m(n) = y*f(n) + 2*p(n). Suppose 0 = 2*s - 6 + 12. Give m(s).
4
Let n(k) = -k**3 - 2*k**2 - 5*k + 5 - 5*k**2 + 2 - 2*k. Calculate n(-6).
13
Suppose 0 = 3*t - 0*t - 6. Let y(g) = 4*g - 1. What is y(t)?
7
Suppose 0 = -9*l - l - 70. Let k(b) = -b**3 - 7*b**2 + 3. What is k(l)?
3
Let f(z) = z - 5. Let k be f(9). Let b(d) = d - k - 6*d**3 + 3*d**3 + 3 - d**2. Suppose 0 = a + a - 2. What is b(a)?
-4
Let l(m) = 9*m**2 + 9*m - 10. Let u(j) = -5*j**2 - 5*j + 5. Let f(y) = 6*l(y) + 11*u(y). What is f(0)?
-5
Let p be (-24)/(-36)*(0 - 6). Let b(s) = -s**3 - 4*s**2 + 2*s. Determine b(p).
-8
Suppose -4 = 4*n - t + 4, 2*t = n + 9. Let a(h) = 7*h**2 - h. Determine a(n).
8
Let w = 3 - 0. Let f(p) = 3*p + 3 - 13*p**w - 6 + 12*p**3 + 4*p**2. Let g be 4 + 2 - (-1 - -3). Give f(g).
9
Let i(l) = l**3 + l**2 - l - 1. Let j(y) = -y + 2. Let w be j(-4). Let k(g) = 0 + 0 - 7*g + w*g**2 + 3*g**3 - 1 + 0*g**2. Let o(h) = 4*i(h) - k(h). Give o(2).
3
Let f(s) = -s + 12. Let v be f(7). Let m(h) = -h**2 + 10*h + 4. Let i(r) = r**2 - 11*r - 5. Let t(x) = v*i(x) + 6*m(x). Calculate t(5).
-1
Let t(z) = z**3 + 6*z**2 + 4*z. Suppose 0 = l - 0 - 7. Let x be (-7)/l + 1 + -5. What is t(x)?
5
Let f(a) = a**2 - 3*a + 1. Suppose -c + 3 = -2*v - 0*c, 2*c - 6 = -v. Let u = v + 3. Let s be ((-2)/u)/(2/(-9)). Determine f(s).
1
Suppose 5*y + 14 = 3*d, -3*y - 3 = -0*y. Let c(m) = 1 - d - 3*m + 2*m - 2. Determine c(-6).
2
Suppose -3*z + 5 = 2. Let q = 11 - 7. Let a(b) = b**2 + b - 1. Let o(p) = -4*p**2 + 3*p - 3. Let w(h) = q*a(h) - o(h). Determine w(z).
8
Suppose 6*v - 11*v + 10 = 0. Let k(c) = -c**3 + 4*c**2 - 2*c - 2. Determine k(v).
2
Let r(w) = w**3 - 6*w**2 + w - 8. Let q be r(6). Let p(g) = -g**3 + 2*g**2 + 4*g + 2. Give p(q).
10
Suppose -d + f + 1 = 0, -23 = -5*d - 4*f + 3*f. Suppose -k = k + d. Let h(x) = -x**2 - 2*x - 1. What is h(k)?
-1
Let d(n) be the third derivative of -n**5/60 - 3*n**4/8 - 5*n**3/3 + 11*n**2. Calculate d(-7).
4
Let a(g) be the third derivative of g**5/60 - 7*g**3/6 - 20*g**2. Determine a(5).
18
Let x(p) = -17*p**2 + 7*p**2 + 5*p - p - p**3 + 6*p**2. Determine x(-5).
5
Let q(z) = 1 + 2*z**3 - 5 + 2*z**3 + 5*z + 4*z**2 - 5*z**3. Let a(i) = i. Let m be a(5). Give q(m).
-4
Let u(v) = -v**2 - v + 2. Let j be (10/15)/((-2)/6). What is u(j)?
0
Let b be -12*((-1)/3)/1. Let z(o) = -o**3 + 9*o**2 - o - 5. Let m(p) = p**2. Suppose -5*u - 6 + 1 = 0. Let x(v) = u*z(v) + 4*m(v). Determine x(b).
-7
Suppose 3*p - 4 = 8. Let d(w) = w**3 - 3*w**2 - 8*w + 1. Let l = 6 + -17. Let h(b) = -3*b**3 + 9*b**2 + 23*b - 2. Let i(c) = l*d(c) - 4*h(c). Calculate i(p).
-3
Suppose -2*o - 4 = 0, -16 = -2*u + 7*o - 2*o. Let p be u/1*5/(-3). Let v(l) be the first derivative of l**4/4 + 4*l**3/3 - 7*l**2/2 - 23. Determine v(p).
10
Let s(n) = 2*n**2 - 3*n. Let p be s(2). Suppose -4*l + 13 = -3*u - 3, 20 = 5*l - p*u. Let a(j) = -j**2 + 4*j - 1. Calculate a(l).
-1
Let x(b) = -b + 3. Let m = 18 + -14. Let c(y) = -y**3 + 5*y**2 - 2*y - 2. Let d be c(m). Give x(d).
-3
Let k(j) = j**3 + 4*j**2 - 5*j + 1. Let w(p) be the first derivative of -p**4/4 + 13*p**3/3 - 13*p**2/2 + 7*p + 1. Let i be w(12). What is k(i)?
1
Let q be 8/(-60) + (552/45)/2. Let h(j) = j**2 - 7*j + 6. Give h(q).
0
Let m(j) be the second derivative of -j**5/30 + j**4/12 + j**3/6 + 3*j**2/2 + j. Let g(w) be the first derivative of m(w). Give g(-2).
-11
Let a(w) = -5*w - w - 8 + w + 4*w. Determine a(6).
-14
Let z(h) = -h + 1. Let o(a) = -6*a + 5. Let b(p) = -2*o(p) + 14*z(p). Determine b(6).
-8
Let h be (2/3)/((-1)/(-18)). Suppose 2*z + 11 + 1 = 5*f, z + h = 4*f. Let v(q) = 6*q + 3*q + q**2 - 12*q - 2. Calculate v(f).
2
Suppose 68 - 24 = 4*k. Let b(q) = 0 - 4 + k*q + 3. What is b(1)?
10
Let t(g) = g. Let c be (-4 + 6)*3/(-6). Let d(o) = 2*o + 1. Let s be (5 + 0 + 0)/(-1). Let q(j) = c*d(j) + s*t(j). What is q(-1)?
6
Let u be -7*1*1/(-1). Let b(w) = -w**2 + 6*w + 4. Give b(u).
-3
Let h = 1 + -1. Suppose -3*o - 4 = -5*o. Let y(i) = 4 + h*i**2 - o*i - i**2 - 3. What is y(-2)?
1
Suppose 0 = 2*b - b. Suppose -3*g + 13 = -c, -3*c + 31 = -b*c + 5*g. Let d(l) = -2*l + 3 - 4*l**c + 2 - 3. What is d(-2)?
-10
Let n(g) = 23*g**2 - 2*g - 7. Let s(k) = 11*k**2 - k - 3. Let q(v) = 2*n(v) - 5*s(v). Let j(u) = -u - 3. Let t be j(-5). Let p be 3/t*(-6)/9. What is q(p)?
-9
Let r(i) = -i**3 - i + 8. Let q be -1*(-1)/(0 + -1). Let c = -1 - q. Calculate r(c).
8
Let p(m) = -16*m - 1. Let s be p(1). Let u(f) = -f - 16. Let v be u(s). Let a(d) = 4*d + 1. What is a(v)?
5
Suppose -30 = -5*c - 2*x, 8*c + x = 3*c + 30. Let l = -3 + c. Suppose -2*b - l*b = 0. Let t(q) = -q**2 + q - 1. Give t(b).
-1
Let b(o) be the second derivative of -o**3/6 - 3*o**2 - 2*o. What is b(-4)?
-2
Let r(g) = -g**3 - 7*g**2 + 7*g - 6. Let u be r(-8). Suppose 3*i = 4*a - 27, u*a = 6*a - 12. Let j(k) = -2*k - 6. Give j(i).
4
Let j(d) = -d + 6. Let g = -9 + 2. Calculate j(g).
13
Let k(a) = 3*a**2 + 3*a + 2. Let w be k(-1). Suppose 2*q = -2*q - 5*j + 1, 2*q + 4*j - w = 0. Let m(t) = -8*t - 1. What is m(q)?
7
Let c(j) = -1. Let m(n) = 4*n + 20. Let z(g) = 20*c(g) + m(g). Suppose 2*u - 1 = -5. Determine z(u).
-8
Let d(z) be the third derivative of -z**5/60 - 5*z**4/24 - 19*z**2. Calculate d(-4).
4
Suppose -4*f = -2*f + l - 8, 4*f - 2*l - 16 = 0. Let c be 3/(-3 + f) - 1. Let s(b) = b**3 - 2*b**2 + 2*b + 1. Calculate s(c).
5
Let s(h) = -h**3 - 2*h**2 + 3*h - 1. Let j be s(-3). Let z(t) = 3*t**3 - t**2 + 2. Let r(d) = 6*d**3 - 3*d**2 + 5. Let a(l) = 2*r(l) - 5*z(l). Give a(j).
2
Let y(c) = -c + 12. Let a be (-4)/(1/(3/(-4))). Suppose 3*s + 12 = -3*t, -2*t = a*s + 3*t + 20. What is y(s)?
12
Let k(o) be the third derivative of 1/8*o**4 + 1/120*o**6 + 1/30*o**5 + 0 - 2*o**2 + 1/3*o**3 + 0*o. Determine k(-2).
-4
Suppose -a - 9 = 2*a. Let s(q) be the second derivative of q**4/12 - q**3/6 - 2*q**2 - 3*q. What is s(a)?
8
Let d(u) be the first derivative of 2 + 1/2*u**2 + u. Let r be d(2). Let f(x) = -x**2 + 2*x. What is f(r)?
-3
Let i = -8 - -2. Let b be ((-15)/i)/(2/4). Let g(l) = -2*l - 3. Let x(d) = 5*d + 8. Let n(m) = 8*g(m) + 3*x(m). Give n(b).
-5
Let d = -8 + 13. Let c(u) = -7*u - 7. Let f(q) = -10*q - 10. Let l(z) = d*f(z) - 7*c(z). Give l(3).
-4
Let h(r) = 2*r - 20. Let m(n) = n - 10. Let i(x) = -2*h(x) + 5*m(x). What is i(5)?
-5
Let f(b) = b + 7. Suppose d - 18 = -5*x, 0*x = 5*d + 4*x + 15. Let a be f(d). Suppose -4*t - 1 + 5 = a. Let r(g) = 4*g**2 - 1. Give r(t).
3
Let r(b) = -b**3 - 10*b**2 + 10*b + 5. Let d be r(-11). Let f = d - 22. Let n(x) = 2*x + 7. Determine n(f).
-5
Let o(s) = 3*s**2 + 8*s - 2. Let a(y) = 16*y**2 + 41*y - 11. Let h(x) = -2*a(x) + 11*o(x). Determine h(-5).
-5
Let t(y) = y**2. Let k(n) = -5*n**2 - 6*n - 3. Let a(r) = k(r) + 4*t(r). What is a(-5)?
2
Suppose 0 = -0*v + 12*v - 120. Let b(l) = l - 19. What is b(v)?
-9
Let x(i) = 2*i - i + 6 + 0*i - 5. What is x(-4)?
-3
Let d be (12/(-10))/((-6)/20). Let f(t) = 3 + 3*t**2 - 2*t**3 + t**2 + t**3 - 5 + t. Give f(d).
2
Let j(l) = l + 1. Let f = 6 - 7. Let y(c) = 3. Let h(d) = f*y(d) - j(d). Determine h(-5).
1
Let c(m) = m**2 + 11*m + 20. Let k be c(-9). Let i(g) = -g**3 + 4*g**2 - 3*g + 3. What is i(k)?
5
Let y(z) = -2*z**2 + 1. Let o(l) = 21*l**3 + 12*l**2 - l - 6. Let q(a) = -o(a) - 6*y(a). Give q(1).
-20
Let y(u) = 4*u**3 - 16 - 5*u**3 + 0*u**3 + u**2 + 59*u - 58*u. Give y(0).
-16
Let p(y) = y**3 + 6*y**2 - 5*y + 4. Let z = -98 - -91. What is p(z)?
-10
Let f(u) = 2*u**2 - 6*u**2 + u**3 + 2*u - 3 + 0*u**2. Determine f(3).
-6
Let i be (-8)/(-8)*2*1. Let m(b) = -7 + 2*b**2 - 3*b**2 + 11*b - i - 4*b. Calculate m(6).
-3
Let i(t) = 4 - 3 - 2 - 87*t + 88*t. What is i(3)?
2
Let l(c) be the second derivative of -c**4/12 - 4*c**3/3 - 3*c**2/2 + 17*c. What is l(-6)?
9
Suppose -8*w + 10*w = 8. Let m(x) = -5*x**2 - 12*x - 29. Let s(l) = -l**2 - 3*l - 7. Let y(b) = 2*m(b) - 9*s(b). Give y(w).
1
Suppose 3*b - 24 = -0*b. Suppose 2*x + 5 + 5 = 0. Let r(l) = 11*l + 7. Let m(t) = 7*t + 5. Let k(a) = b*m(a) + x*r(a). Give k(-5).
0
Suppose -3*y - 14 = -5. Let j be (y*(-5)/3)/1. Let 